{"id":263,"date":"2017-10-27T11:18:23","date_gmt":"2017-10-27T11:18:23","guid":{"rendered":"https:\/\/smile-signature.com\/?page_id=263"},"modified":"2025-05-02T03:35:19","modified_gmt":"2025-05-02T03:35:19","slug":"about-doctor","status":"publish","type":"page","link":"https:\/\/smile-signature.com\/?page_id=263","title":{"rendered":"Especialistas"},"content":{"rendered":"<p>[vc_row][vc_column icons_position=&#8221;left&#8221;][vc_empty_space height=&#8221;2em&#8221; alter_height=&#8221;none&#8221; hide_on_desktop=&#8221;&#8221; hide_on_notebook=&#8221;&#8221; hide_on_tablet=&#8221;&#8221; hide_on_mobile=&#8221;&#8221;]<div id=\"sc_title_1935291469\"\n\t\tclass=\"sc_title color_style_default sc_title_modern\"><h2 class=\"sc_item_title sc_title_title sc_align_center sc_item_title_style_modern sc_item_title_tag\">Dra. Sara Gabriela Silva<\/h2><div class=\"sc_item_descr sc_title_descr sc_align_center\"><p>Con m\u00e1s de 15 a\u00f1os de experiencia, te brindar\u00e9 el mejor servicio para tu salud bucal.<\/p>\n<\/div><\/div><!-- \/.sc_title -->[vc_empty_space height=&#8221;2em&#8221; alter_height=&#8221;none&#8221; hide_on_desktop=&#8221;&#8221; hide_on_notebook=&#8221;&#8221; hide_on_tablet=&#8221;&#8221; hide_on_mobile=&#8221;&#8221;][\/vc_column][\/vc_row][vc_row][vc_column width=&#8221;1\/2&#8243; icons_position=&#8221;left&#8221;][vc_empty_space height=&#8221;2em&#8221; alter_height=&#8221;none&#8221; hide_on_desktop=&#8221;&#8221; hide_on_notebook=&#8221;&#8221; hide_on_tablet=&#8221;&#8221; hide_on_mobile=&#8221;&#8221;][vc_single_image image=&#8221;1486&#8243; img_size=&#8221;full&#8221;][vc_empty_space height=&#8221;3.1em&#8221; alter_height=&#8221;none&#8221; hide_on_desktop=&#8221;&#8221; hide_on_notebook=&#8221;&#8221; hide_on_tablet=&#8221;1&#8243; hide_on_mobile=&#8221;1&#8243;][\/vc_column][vc_column width=&#8221;1\/2&#8243; icons_position=&#8221;left&#8221;][vc_empty_space height=&#8221;6em&#8221; alter_height=&#8221;none&#8221; hide_on_desktop=&#8221;&#8221; hide_on_notebook=&#8221;&#8221; hide_on_tablet=&#8221;&#8221; hide_on_mobile=&#8221;&#8221;][vc_column_text]<\/p>\n<h3>Conoce m\u00e1s<\/h3>\n<p>[\/vc_column_text][vc_column_text]<\/p>\n<h5>acerca de mi<\/h5>\n<p>[\/vc_column_text][vc_empty_space height=&#8221;2em&#8221; alter_height=&#8221;none&#8221; hide_on_desktop=&#8221;&#8221; hide_on_notebook=&#8221;&#8221; hide_on_tablet=&#8221;&#8221; hide_on_mobile=&#8221;&#8221;][vc_column_text]Soy odont\u00f3loga graduada de la Universidad Central del Ecuador con 15 a\u00f1os de experiencia en la pr\u00e1ctica odontol\u00f3gica. Adem\u00e1s, tengo certificaci\u00f3n como Especialista en Endodoncia<br \/>\nde la Universidad de Sao Paulo y complet\u00e9 un M\u00e1ster en Odontolog\u00eda Con \u00e9nfasis en Endodoncia en la Universidad Est\u00e1cio de S\u00e1 en R\u00edo de Janeiro. Tambi\u00e9n poseo un diplomado en Est\u00e9tica Dental del Esthetic Dental Institute.[\/vc_column_text][vc_empty_space height=&#8221;3.1em&#8221; alter_height=&#8221;none&#8221; hide_on_desktop=&#8221;&#8221; hide_on_notebook=&#8221;&#8221; hide_on_tablet=&#8221;1&#8243; hide_on_mobile=&#8221;1&#8243;][\/vc_column][\/vc_row][vc_row full_width=&#8221;stretch_row_content_no_spaces&#8221; equal_height=&#8221;yes&#8221; content_placement=&#8221;middle&#8221; hide_bg_image_on_tablet=&#8221;&#8221; hide_bg_image_on_mobile=&#8221;&#8221; css=&#8221;.vc_custom_1689228060747{background-image: url(http:\/\/smile-signature.com\/wp-content\/uploads\/2023\/07\/background-dr2a.jpg?id=1491) !important;background-position: center !important;background-repeat: no-repeat !important;background-size: cover !important;}&#8221;][vc_column width=&#8221;1\/2&#8243; scheme=&#8221;dark&#8221; icons_position=&#8221;left&#8221; offset=&#8221;vc_col-lg-offset-1 vc_col-lg-5&#8243;][vc_empty_space height=&#8221;4px&#8221; alter_height=&#8221;none&#8221; hide_on_desktop=&#8221;&#8221; hide_on_notebook=&#8221;&#8221; hide_on_tablet=&#8221;1&#8243; hide_on_mobile=&#8221;1&#8243;][vc_empty_space height=&#8221;3em&#8221; alter_height=&#8221;none&#8221; hide_on_desktop=&#8221;1&#8243; hide_on_notebook=&#8221;1&#8243; hide_on_tablet=&#8221;1&#8243; hide_on_mobile=&#8221;&#8221;]<div class=\"sc_item_button sc_button_wrap sc_align_center\"><a href=\"https:\/\/www.tiktok.com\/@smilesignatureodontologo\/video\/7381616000778718469?is_from_webapp=1&#038;sender_device=pc&#038;web_id=7493137477143397894\" id=\"sc_button_672011446\" class=\"sc_button color_style_default sc_button_modern sc_button_size_large sc_button_with_icon sc_button_icon_left\"><span class=\"sc_button_icon\"><span class=\"icon-play-button-small\"><\/span><\/span><span class=\"sc_button_text\"><span class=\"sc_button_title\">Conoce m\u00e1s de mi<\/span><span class=\"sc_button_subtitle\">and learn more about me<\/span><\/span><!-- \/.sc_button_text --><\/a><!-- \/.sc_button --><\/div><!-- \/.sc_item_button -->[\/vc_column][vc_column width=&#8221;5\/12&#8243; icons_position=&#8221;left&#8221;]<div id=\"sc_content_941519072\"\r\n\t\tclass=\"sc_content color_style_default sc_content_default sc_float_center sc_padding_medium sc_shift_y_medium box_shadows_content  vc_custom_1522062813262\"><div class=\"sc_content_container\"><div id=\"sc_title_2116530641\"\n\t\tclass=\"sc_title color_style_default sc_title_modern\"><h2 class=\"sc_item_title sc_title_title sc_align_left sc_item_title_style_modern sc_item_title_tag\">Acerca de<\/h2><div class=\"sc_item_descr sc_title_descr sc_align_left\"><p>Mi formaci\u00f3n acad\u00e9mica<\/p>\n<\/div><\/div><!-- \/.sc_title -->[vc_empty_space height=&#8221;1.3em&#8221; alter_height=&#8221;none&#8221; hide_on_desktop=&#8221;&#8221; hide_on_notebook=&#8221;&#8221; hide_on_tablet=&#8221;1&#8243; hide_on_mobile=&#8221;1&#8243;][vc_empty_space height=&#8221;1em&#8221; alter_height=&#8221;none&#8221; hide_on_desktop=&#8221;&#8221; hide_on_notebook=&#8221;&#8221; hide_on_tablet=&#8221;&#8221; hide_on_mobile=&#8221;&#8221;][vc_column_text]<strong>ODONTOLOGA GENERAL\u00a0 UCE<\/strong><\/p>\n<p><strong>ESPECIALISTA EN ENDODONCIA USP<\/strong><\/p>\n<p><strong>MASTER EN ODONTOLOGIA CON MENCION EN ENDODONCIA\u00a0 Universidad ESTACIO DE S\u00c1<\/strong><\/p>\n<p><strong>DIPLOMADO EN ESTETICA DENTAL <\/strong>[\/vc_column_text][vc_empty_space height=&#8221;1.5em&#8221; alter_height=&#8221;none&#8221; hide_on_desktop=&#8221;&#8221; hide_on_notebook=&#8221;&#8221; hide_on_tablet=&#8221;1&#8243; hide_on_mobile=&#8221;1&#8243;][vc_empty_space height=&#8221;1.5em&#8221; alter_height=&#8221;none&#8221; hide_on_desktop=&#8221;&#8221; hide_on_notebook=&#8221;&#8221; hide_on_tablet=&#8221;&#8221; hide_on_mobile=&#8221;&#8221;]<\/div><\/div><!-- \/.sc_content -->[\/vc_column][\/vc_row][vc_row][vc_column icons_position=&#8221;left&#8221;][vc_empty_space height=&#8221;7em&#8221; alter_height=&#8221;none&#8221; hide_on_desktop=&#8221;&#8221; hide_on_notebook=&#8221;&#8221; hide_on_tablet=&#8221;&#8221; hide_on_mobile=&#8221;&#8221;][vc_empty_space height=&#8221;7.35em&#8221; alter_height=&#8221;none&#8221; hide_on_desktop=&#8221;&#8221; hide_on_notebook=&#8221;&#8221; hide_on_tablet=&#8221;1&#8243; hide_on_mobile=&#8221;1&#8243;]<div id=\"sc_title_1466654763\"\n\t\tclass=\"sc_title color_style_default sc_title_modern\"><h2 class=\"sc_item_title sc_title_title sc_align_center sc_item_title_style_modern sc_item_title_tag\">Trabajo y pasi\u00f3n<\/h2><div class=\"sc_item_descr sc_title_descr sc_align_center\"><p>por la salud oral<\/p>\n<\/div><\/div><!-- \/.sc_title -->[vc_empty_space height=&#8221;2.2em&#8221; alter_height=&#8221;none&#8221; hide_on_desktop=&#8221;&#8221; hide_on_notebook=&#8221;&#8221; hide_on_tablet=&#8221;1&#8243; hide_on_mobile=&#8221;1&#8243;][vc_empty_space height=&#8221;2em&#8221; alter_height=&#8221;none&#8221; hide_on_desktop=&#8221;&#8221; hide_on_notebook=&#8221;&#8221; hide_on_tablet=&#8221;&#8221; hide_on_mobile=&#8221;&#8221;][\/vc_column][\/vc_row][vc_row][vc_column icons_position=&#8221;left&#8221;][vc_gallery interval=&#8221;3&#8243; images=&#8221;1600,1598,1599&#8243;][\/vc_column][\/vc_row]<\/p>\n","protected":false},"excerpt":{"rendered":"<p>[vc_row][vc_column icons_position=&#8221;left&#8221;][vc_empty_space height=&#8221;2em&#8221; alter_height=&#8221;none&#8221; hide_on_desktop=&#8221;&#8221; hide_on_notebook=&#8221;&#8221; hide_on_tablet=&#8221;&#8221; hide_on_mobile=&#8221;&#8221;][vc_empty_space height=&#8221;2em&#8221; alter_height=&#8221;none&#8221; hide_on_desktop=&#8221;&#8221; hide_on_notebook=&#8221;&#8221; hide_on_tablet=&#8221;&#8221; hide_on_mobile=&#8221;&#8221;][\/vc_column][\/vc_row][vc_row][vc_column width=&#8221;1\/2&#8243;&hellip;<\/p>\n","protected":false},"author":1,"featured_media":1456,"parent":0,"menu_order":0,"comment_status":"closed","ping_status":"closed","template":"","meta":{"footnotes":""},"class_list":["post-263","page","type-page","status-publish","has-post-thumbnail","hentry"],"_links":{"self":[{"href":"https:\/\/smile-signature.com\/index.php?rest_route=\/wp\/v2\/pages\/263","targetHints":{"allow":["GET"]}}],"collection":[{"href":"https:\/\/smile-signature.com\/index.php?rest_route=\/wp\/v2\/pages"}],"about":[{"href":"https:\/\/smile-signature.com\/index.php?rest_route=\/wp\/v2\/types\/page"}],"author":[{"embeddable":true,"href":"https:\/\/smile-signature.com\/index.php?rest_route=\/wp\/v2\/users\/1"}],"replies":[{"embeddable":true,"href":"https:\/\/smile-signature.com\/index.php?rest_route=%2Fwp%2Fv2%2Fcomments&post=263"}],"version-history":[{"count":19,"href":"https:\/\/smile-signature.com\/index.php?rest_route=\/wp\/v2\/pages\/263\/revisions"}],"predecessor-version":[{"id":1605,"href":"https:\/\/smile-signature.com\/index.php?rest_route=\/wp\/v2\/pages\/263\/revisions\/1605"}],"wp:featuredmedia":[{"embeddable":true,"href":"https:\/\/smile-signature.com\/index.php?rest_route=\/wp\/v2\/media\/1456"}],"wp:attachment":[{"href":"https:\/\/smile-signature.com\/index.php?rest_route=%2Fwp%2Fv2%2Fmedia&parent=263"}],"curies":[{"name":"wp","href":"https:\/\/api.w.org\/{rel}","templated":true}]}}